2*v - v = x, -r - v = 1. Let q(f) = 3*f - 4. Determine q(r).
8
Suppose 0 = -4*o - 0*q + q + 48, -2*o + 3*q + 14 = 0. Suppose -3*w = -5*z - o, 4*w - z - 2*z = 10. Let g(k) = -4*k**3 + k**2 + k - 1. What is g(w)?
-3
Let h(m) = -4*m + 2 - 2 - m + 1 + 4*m**2 + m**3. Suppose -37*n - 187 = -2. What is h(n)?
1
Let b(s) = 5*s - 9. Let u(d) = -34*d + 62. Let i(t) = -20*b(t) - 3*u(t). Let a be (4/(-6))/((-4)/24). Determine i(a).
2
Let c(u) = 1 - 4*u - 169*u**2 - 1 - 1 + 170*u**2. Determine c(6).
11
Let t(r) = -1 + 8*r**3 + 2 - 5*r**3 + 3*r**3. Suppose -3*f + 2 = -5*f. Determine t(f).
-5
Suppose 2*a - 308 = 4*z, a - 2*a + 159 = -3*z. Let t(q) = 2*q - 4*q**3 - 2*q**2 + 144 - a. Give t(-2).
20
Let r(d) = d - 14. Let w(o) = -3*o**2 + 34*o - 24. Let y be w(10). What is r(y)?
2
Let d(g) = 5*g**2 + 3*g. Let s(l) = 8*l**2 - 6*l - 17*l**2 - l + 1. Let a(p) = 7*d(p) + 4*s(p). Give a(-7).
4
Let w(h) = h**2 - 4*h + 6. Let r(j) = -j**2 + 5*j - 6. Let a = -10 - -6. Let y(u) = a*r(u) - 3*w(u). Give y(7).
-1
Let w(k) be the second derivative of k**3/6 - 11*k**2 - 101*k. Determine w(9).
-13
Let w(z) be the first derivative of z**4/4 - 5*z**3/3 - 4*z**2 + 9*z + 117. Calculate w(6).
-3
Let p(w) = 2*w**3 + 18*w**2 - 4*w + 2. Let f(u) = u**3 + 11*u**2 - u + 1. Let k(t) = -5*f(t) + 3*p(t). Calculate k(4).
21
Suppose 11 + 6 = w. Let n(i) = -i**2 + 17*i - 3. Determine n(w).
-3
Let z = 11 - 14. Let n(k) = 2*k**2 + 4*k - 3. Determine n(z).
3
Let c(r) = -24*r**2 + 13*r**2 + 10*r + 20*r**2 + r**2 - 20 + r**3. Calculate c(-9).
-29
Let x be 42/(-8) - (-51)/(-68). Let v(u) = -3*u - 10. Determine v(x).
8
Let t(b) = b**3 + b**2 - 9*b - 6. Suppose 0 = 58*l - 60*l + 6. What is t(l)?
3
Let w(b) = -b**2 - 1. Let g(s) = -s**3 - 15*s**2 + 5*s - 3. Let p(j) = j**2 - j - 1. Let d(i) = -g(i) - 6*p(i). Let n be d(-9). Determine w(n).
-1
Let z(q) = -q**3 + 8*q**2 - 4*q - 1. Let l(n) = -3*n - 8. Let h(c) = -4*c - 11. Let s(a) = 5*h(a) - 7*l(a). Let j(w) = -5*s(w) + z(w). Calculate j(7).
-20
Let o(k) = k**3 + 3*k**2 + k + 5. Let f be o(-3). Let q(a) = a + 1 + 198*a**2 - 2 - 197*a**f - 6*a. Let i = -6 - -11. Calculate q(i).
-1
Let q(a) = -18*a - a**2 + 2*a**2 - 44 - 27 - 16 + 24. Calculate q(21).
0
Suppose -2*a + a + 1 = 0. Let t(i) = -11*i - a - 1 - 16*i + 20*i - i**2. Determine t(-6).
4
Let f(a) be the third derivative of -a**8/20160 + a**7/5040 + 11*a**6/720 + a**5/60 - 4*a**2. Let c(y) be the third derivative of f(y). Give c(0).
11
Let t = -33 - -62. Suppose -32*o + 15 = -t*o. Let n(h) = -h**2 + 8*h - 6. What is n(o)?
9
Let j be (4/(-7))/(6 - (-160)/(-28)). Let t(m) = -2*m**2 - 4*m - 1. Give t(j).
-1
Let k(p) = p**2 - 3*p. Let w = -67 + 72. Suppose 24 = 4*v - 4*z - 0*z, -v - w*z - 18 = 0. What is k(v)?
-2
Let k be ((-4)/(-10))/(1/10). Suppose -5 - 27 = -k*b. Let u = -5 + b. Let x(w) = -w**2 - w + 1. What is x(u)?
-11
Let j(s) be the first derivative of -3*s**2/2 - 7*s - 36. What is j(-5)?
8
Suppose 2*y - 5 = -17. Let l = -66 - -68. Let t(x) = x**l + 9 + 2*x - 5*x + 11*x. What is t(y)?
-3
Let s be 2 - 30/70*7. Let c(g) = -19*g - 2. What is c(s)?
17
Let z(k) be the first derivative of k**6/120 + k**5/6 + k**4/3 - 3*k**3/2 - k**2 - 8. Let a(q) be the second derivative of z(q). What is a(-9)?
0
Let t(r) = -3*r + 9. Let p be t(5). Let v(w) be the first derivative of w**3/3 + 3*w**2 - 6*w + 2. Give v(p).
-6
Let b(f) = -f**2 + 2*f + 2. Let v(k) = -6*k**2 - 18*k - 4. Let a be v(-3). Give b(a).
-22
Let a(g) = -2*g**3 - 8*g**2 + 3*g + 7. Let s(n) = -2*n**2 + 15*n + 5. Let x be s(8). Let o(d) = -d**3 - d**2. Let m(h) = x*o(h) + a(h). Determine m(5).
22
Let g(n) = n**3 - 12*n - 1 - 270582*n**2 - 3 + 270592*n**2. What is g(-11)?
7
Let v(y) be the third derivative of y**6/120 - 2*y**5/15 + 7*y**4/24 + 7*y**3/6 - 20*y**2 - 5. What is v(7)?
7
Let i(s) = 5*s**2 + 29*s + 9. Suppose 0 = -3*b, -2*y = 8*b - 12*b - 22. Let d(z) = -z**2 - 6*z - 2. Let k(r) = y*d(r) + 2*i(r). Calculate k(-7).
3
Suppose -2*y + 12 = 2*y. Let j(p) be the second derivative of p**6/720 + p**5/120 - p**4 - 3*p. Let f(a) be the third derivative of j(a). What is f(y)?
4
Let v(w) = -9*w + 2. Let t be 13/2*(-48)/(-156). Give v(t).
-16
Let f = 146 - 145. Suppose 0 = -2*m + 1 + 9. Let v(o) = 7*o**2 - 4*o - o - 1 + m*o. What is v(f)?
6
Suppose -l = -6*l + 5. Let c(m) be the first derivative of -m**5/20 - m**4/24 + m**3/6 - 2*m**2 - 7. Let b(v) be the second derivative of c(v). Calculate b(l).
-3
Let y be -4*(0 + (-51)/6). Let m = y - 21. Let p(l) = 0 + 0 + 11*l**2 - m*l**2. What is p(1)?
-2
Let r(f) = -f**2 + f - 5. Let i be (-5)/((-1)/(-6)*-5). Determine r(i).
-35
Let v(m) = m**3 + m**2 + 73. Let w be v(0). Let x(u) = -w + 4*u + 73. Determine x(-3).
-12
Let l(u) = -u**3 + 12*u**2 - 9*u + 3. Suppose 0 = -19*d - 4*d + 253. Give l(d).
25
Let t(w) = -10*w - 56. Let y be t(-6). Let s(x) be the first derivative of 1/4*x**y + x**2 + 0*x - 5 + x**3. Give s(-3).
-6
Suppose 3*n + 17 - 416 = 5*b, 527 = 4*n - 5*b. Let h = 133 - n. Let t(l) be the first derivative of -3*l**2/2 + 4*l - 1. Determine t(h).
-11
Let d be -3 - -3 - -2 - -8. Let m = d + -1. Let y(a) = 9*a - 4 + m - 3*a + a + a**2. Give y(-6).
-1
Suppose 0 = -4*j - 16, 4*j + 22 = -4*o + 6. Let n(h) = h**3 + h**2 + h - 7. Give n(o).
-7
Let c(h) = 2*h - 5. Let x be c(4). Let p = -208 - -210. Let v(i) = -2 + i**x - 5*i**p + i - 4 - 8*i. Determine v(6).
-12
Suppose -40 = -2*s - 4*r, 0 = 5*s - 0*s + r - 82. Let o(l) = l**3 - 17*l**2 + 14*l + 39. Let f be o(s). Let u(t) = t**3 - 8*t**2 + 10*t - 6. Calculate u(f).
15
Let f(u) = u**2 - u - 7. Let m(g) = 2*g + 46. Let p be m(-21). Suppose a = -p*a. What is f(a)?
-7
Suppose 4*m - 20 = 4*d, 0 = 5*m - 7*m - 4*d + 22. Let f(h) = h - 16. Determine f(m).
-9
Let b(l) = 29*l**2 + 3*l - 11. Let v(n) = 25*n**2 + 2*n - 11. Let a(k) = 6*b(k) - 7*v(k). Calculate a(9).
-34
Let b be 2/8 - 221/52. Let k be 8*2*3/b. Let v = k - -16. Let s(u) = -u**2 + 5*u - 4. Give s(v).
0
Let u(y) be the second derivative of -y**3/3 + 3*y**2/2 + y. Let c(k) = -2*k**3 - 22*k**2 - 6*k - 62. Let i be c(-11). Calculate u(i).
-5
Let u(p) = -2*p**2 - 9*p + 3. Let a = -28 + 6. Let r be (-4)/(-22) + (-106)/a. Let l(m) = 2*m**2 + 10*m - 4. Let o(n) = r*l(n) + 6*u(n). Give o(-3).
-8
Let r(z) be the third derivative of z**6/120 - z**5/20 - 5*z**4/24 + 5*z**3/6 + 2*z**2 - 39. Calculate r(4).
1
Let y(j) = -5*j**2 - 4*j - 15. Let s(x) = -4*x - 2*x - 2*x + 11*x + 3*x**2 + 10. Let v(o) = 8*s(o) + 5*y(o). What is v(5)?
0
Let d(a) = -a**3 - 5*a**2 + 2*a + 6. Suppose 0 = j + 4*q - q - 14, j + q = 6. Let h(i) = i**3 + 5*i**2 - 3*i - 5. Let m(z) = j*d(z) + 3*h(z). What is m(-6)?
-9
Suppose -2*o = o. Suppose p - 6 + 5 = o. Suppose -p = -4*k - 13. Let t(s) = -2*s**2 - 3*s - 1. What is t(k)?
-10
Let j(t) = -t**2 - t - 1. Let y(a) = 5*a**2 - a - 2. Let h(m) = 2*j(m) - y(m). Give h(-1).
-6
Let w(j) be the third derivative of j**6/120 - j**5/10 - 7*j**4/24 + j**3 - 7*j**2. Let g = 69 + -44. Suppose -31 = -8*t + g. Give w(t).
6
Let y(p) = 12 + 17 - p**2 + 9 - p - 54 + 14. Suppose 13 = -0*j + 2*j + 3*m, -5*m + 19 = 2*j. Suppose 3*z + v = -0*v + 5, 2*z = -j*v + 10. Give y(z).
-2
Let o(r) = -6*r + 3 + 3*r - 4. Let j = 2869 + -2867. What is o(j)?
-7
Let m(y) = 4*y + 14. Let u(h) = -h - 1. Let x(g) = m(g) + 5*u(g). Let j be x(10). Let i(s) = 3*s**3 - s**2 - s - 1. Calculate i(j).
-4
Suppose 6*t + 26 - 14 = 0. Let u(c) = -c**3 + c**2 - 1. Calculate u(t).
11
Let c be 142/781 - (-136)/(-22). Let i(t) be the third derivative of -t**6/120 - 7*t**5/60 - t**4/4 - 4*t**3/3 - 7*t**2. Give i(c).
-8
Let p be 20/(-15) + 10/3. Let d(i) = -i**2 + p - 10*i + 5*i + 4*i. Let y = 1 - 1. Determine d(y).
2
Let s(i) = i**3 - 8*i**2 + 5*i + 10. Let a be s(7). Suppose 4*m = 6*p - p + 27, 0 = -2*m + 4*p + 18. Let n(z) = -3 - m*z + 0*z - 2. Calculate n(a).
7
Let o(x) = -x**3 - 15*x**2 + 17*x + 21. Suppose -1807 + 1631 = 11*u. What is o(u)?
5
Let v(d) = -2*d - 6. Let u(s) = -s - 3. Let p(k) = -5*u(k) + 3*v(k). What is p(-5)?
2
Let y(u) = -u**3 - 8*u**2 + 9*u - 4. Let i(d) = 3*d**2 - d - 2. Let m be i(-1). Let t be -1 - (m/(-4))/(2/(-32)). Calculate y(t).
-4
Let o(a) = -2*a + 9. Let p(g) = g - 7. Let w(v) = -3*o(v) - 5*p(v). Suppose 3*h + 15 = 0, -4*l - h = -3 + 8. Calculate w(l).
8
Let c = 9 + -9. Let t(m) = -2 - m + 2*m + 18 - 3. Give t(c).
13
